= -l*k. Let x(c) = c**3 - 17*c**2 - 1. Determine x(k).
-1
Let v(f) = -8*f**2 + f + 1. Let q(k) = -k**3 - 207*k + 207*k. Let t(g) = q(g) - v(g). Determine t(8).
-9
Let c = 117 + -83. Suppose -j = 0, -2*j + 104 - c = 2*i. Let u(a) = -8 - 1 - i*a + 34*a. What is u(0)?
-9
Suppose -6*p + 23 = 5*h - 4*p, -3*h - 2*p = -17. Let m(a) be the third derivative of a**4/12 + a**3/3 - 120*a**2. Give m(h).
8
Let h(y) be the first derivative of y**4/4 - 3*y**3 + 11*y**2/2 - 9*y + 1. Let s(c) = -c**2 + 108*c + 12968. Let a be s(-72). Determine h(a).
15
Let v(r) be the second derivative of -r**6/120 - r**5/10 - r**4/12 + 3*r**3/2 + 51*r**2/2 + 20*r. Let w(q) be the first derivative of v(q). What is w(-5)?
-6
Let j(i) = -7*i**3 + i**2 - 1. Let y(c) = -29*c**3 + 12*c**2 - 8*c + 16. Let a(q) = -4*j(q) + y(q). Calculate a(7).
13
Let u(w) = 8*w + 1547*w**2 - 1545*w**2 - 3*w + 32*w + 19*w - 33. What is u(-29)?
25
Let i(y) be the second derivative of -y**3/3 - 17*y**2/2 - 1066*y. Give i(0).
-17
Let j(k) = -14*k - 1000. Let d be j(-71). Let z(y) = y**3 + 4*y**2 - 17*y - 43. Determine z(d).
-13
Let g = 4 + -2. Let o(p) = 4523*p - 2. Let n(w) = -3766*w + 2. Let u(k) = 6*n(k) + 5*o(k). What is u(g)?
40
Let j be ((-8)/1 + -2)*5/(-25)*1. Let l(a) be the first derivative of -a**2/2 - 2*a + 1. Determine l(j).
-4
Suppose 26*q + 18*q = 23*q + 168. Let a(l) = l - 1. Calculate a(q).
7
Let b(p) = p. Let s(z) = z**2 + 3*z. Let u be s(6). Let n = u + -10. Suppose 49*k = n*k. Give b(k).
0
Let r = 45 - 42. Let s(b) = 83*b**2 + 2 - 77*b**2 - r. What is s(-1)?
5
Let v(k) be the first derivative of 31 - 55 - 47 - 43 + 3*k**2 - 12*k. Give v(3).
6
Suppose 7*v = -5 + 33. Suppose 8*r = 12*r + v. Let m be r - (-9 + 3) - 9. Let g(c) = -c**2 - 3*c + 3. Calculate g(m).
-1
Let d be 3 + -1*(2 + 2) + 2. Let i(j) = 11*j**2 - 3 - 1 - 16*j**3 - d - j**2 + 17*j**3. Give i(-10).
-5
Let t(f) be the first derivative of f**5/30 - f**4/24 - f**3/6 + 11*f**2 - 1. Let l(r) be the second derivative of t(r). Suppose -4*s + 0*s + 8 = 0. Give l(s).
5
Let a(b) = 13*b**2 - 70*b + 8. Let o(l) = 24*l**2 - 140*l + 15. Let u(n) = 7*a(n) - 4*o(n). Determine u(14).
-4
Suppose 5*b + 23 - 148 = 0. Suppose b*r + 72 = 16*r. Let o(q) = q**3 + 9*q**2 + 4*q - 1. Calculate o(r).
31
Let o(b) = 11*b - 1768. Let a(u) = -5*u + 706. Let v(d) = 18*a(d) + 7*o(d). Calculate v(26).
-6
Let g(a) be the second derivative of a**7/2520 + a**6/720 - a**5/8 - 19*a**4/4 + a**3/3 - 140*a. Let u(s) be the third derivative of g(s). What is u(0)?
-15
Let g(x) = -23*x + 2. Suppose 2262*l - 2458*l = 588. Determine g(l).
71
Let l be (-1)/((-4)/12)*144/108. Let i(j) = -2*j**2 + 4*j + 5. Calculate i(l).
-11
Suppose -6*m + 21*m - 100 = 40*m. Let q(x) = 6 - 3*x**2 - 3*x + 0 + x**2. What is q(m)?
-14
Let u(l) = 0*l + l + 2*l - 22 + 29. Let p be u(-2). Let z(h) = -3*h + 4*h + p + 3 - 9. What is z(3)?
-2
Let s(u) = 5*u**3 + 23*u**2 + 10*u + 6. Let f be s(-4). Let z(m) = -47 - 8*m**2 + f*m**2 + 50 - 8*m**2 - m. What is z(2)?
-7
Let p(b) = 5*b**2 - 2*b + 2. Let u be p(3). Let z = -35 + u. Let g be 40/6 - z/9 - 0. Let r(q) = q**3 - 6*q**2 - 2*q - 2. Determine r(g).
-14
Let h(y) = -2*y - 5. Let j(r) = r - 12. Let z(s) = -2*s + 35. Let f(x) = 11*j(x) + 4*z(x). Let g(w) = 3*f(w) + 5*h(w). Calculate g(-7).
6
Let r(p) = -18*p - 98. Suppose 4*a + 31 = 146*f - 145*f, -a - 27 = -3*f. Determine r(a).
10
Let x(a) be the first derivative of -1/2*a**4 + 4/3*a**3 - 2*a**2 + 140 + 2*a. Let y(s) = -s**3 - 5*s**2 + 6*s + 2. Let g be y(-6). What is x(g)?
-6
Let f(c) = c + 2. Let p be f(0). Let t(l) = -8*l - 4 + 1 - l**p - 1. Suppose 5*z - 4*a = 29 - 6, z - 7*a - 79 = 0. Calculate t(z).
11
Suppose 0 = -2*d - 15565 + 15557. Let b(g) be the first derivative of g**3 + 9*g**2/2 + 6*g - 3. Calculate b(d).
18
Let j(u) = -u**3 - 22*u**2 - 22*u - 35. Let s = 5953 - 5974. Determine j(s).
-14
Let n be 14 - (-6 - (-6 - -2)). Suppose 2*z + 4 = n. Let a(h) = -3*h**2 - 9*h + 9. Let t(o) = -4*o**2 - 9*o + 10. Let q(u) = 5*a(u) - 4*t(u). Calculate q(z).
-13
Let j(v) be the first derivative of -v**3/3 + v**2 + 2*v + 3554. What is j(-2)?
-6
Let h be 9/(63/14 + -3). Let k(b) = -124*b**2 - 3*b + h - 3 + 123*b**2 + b. Calculate k(-4).
-5
Let o(w) = w + 3. Let y(b) = 16 - 14 + 15 - b - 3*b. Let s be y(12). Let r = s + 26. Calculate o(r).
-2
Let u(a) be the second derivative of a**4/4 + a**3/2 + 11*a**2 - 19*a. Let s(o) be the first derivative of u(o). Suppose 0 = i + 6 - 3. Give s(i).
-15
Suppose 4 = -l, -4*l - 28 + 3 = -3*p. Let m(o) = 0*o + 2*o - 6 - 9*o + 10*o**2 + o**p + 13*o. Calculate m(-9).
21
Let d(x) = -168 - 165 + x**3 + 501 + 3*x - 2*x**3 - 170. Let o be (-2)/(-12) + (-170)/(-60). Suppose 0 = 9*m - o*m - 12. What is d(m)?
-4
Let j(v) = -v**3 + 26*v**2 + 24*v - 3. Let g(o) = o**3 - 26*o**2 - 23*o + 4. Let d(x) = -3*g(x) - 4*j(x). Give d(27).
0
Let u(s) = s**2 - 2. Suppose -5*t + 50 = 4*d, 3*t - 15 - 23 = -4*d. Let f = 5 - t. Let g be (f - (-18)/14)/((-2)/(-14)). What is u(g)?
2
Let o(a) = -9*a - 25. Let z be o(-4). Let u(l) = -2 - l**3 - 18*l + l**2 + 6*l**2 + 2*l**2 + z*l. Give u(8).
6
Let x(m) = -m**2 - 6. Suppose t - 16 = -t. Let o(a) be the second derivative of a**4/12 - 3*a**3/2 + 4*a**2 - 14*a + 6. Let r be o(t). Give x(r).
-6
Let k(z) = -3*z + 2. Let u be 2/(12/(-15))*24/(-30). Let d be u/(-10) - 1168/(-365). What is k(d)?
-7
Let j(v) = 2*v**2 - 40*v - 57. Let u(p) = 4*p**2 - 91*p - 110. Let f(o) = -9*j(o) + 4*u(o). Give f(-7).
3
Suppose -75*v = -72*v, 0 = n + 5*v + 1. Let t(c) = 56*c**3 - 2*c**2 + 3*c + 3. Determine t(n).
-58
Let q(z) = -z**2 + 30*z - 54. Let y be (-4 + -73)/(-11) - -21. Give q(y).
2
Suppose 2*m = 5*r - 8, -5*m - 5*r = -32 + 17. Let f(i) = -20*i + 3. Calculate f(m).
-17
Suppose 16 = 5*c - z, 3*z + 12 = 3*c - 0*c. Suppose 5*h = 3*q + 15 + 12, 0 = -c*h - 3*q - 3. Let v(r) = 2*r**2 - 5*r. What is v(h)?
3
Let n = -15 - -19. Let l(r) = -r**3 + 5*r**2 - 2. Let b be l(n). Suppose -b = -2*d - 0*d. Let i(h) = h**2 - 8*h + 3. Determine i(d).
-4
Let m(k) = 2*k - 31. Suppose -11*g + 440 = -51*g. Calculate m(g).
-53
Let k = -6274 - -6262. Let y(n) = n**2 + 13*n + 23. Give y(k).
11
Suppose -12*u + 6*u - 6 = 0. Let z(o) be the third derivative of 0 + 0*o + 0*o**3 + 10*o**2 + 0*o**4 - 1/15*o**5. Give z(u).
-4
Let m(g) = g**2 - 2315*g + 6887*g - 2294*g - 2300*g - 1. Calculate m(7).
-106
Let t(i) be the second derivative of -i**5/20 + i**4 - 11*i**3/6 + 3*i**2/2 - 15*i. Let d(s) = -61*s + 2634. Let q be d(43). Give t(q).
3
Let o(i) be the second derivative of 5/6*i**3 + 0 + 5*i + 0*i**2 - 1/60*i**5 - 1/12*i**4. Let f(n) be the second derivative of o(n). Determine f(-6).
10
Let y = -1244 + 721. Let k = -526 - y. Let b(i) = 2*i**3 + 5*i**2 + 3*i - 2. Give b(k).
-20
Let v(i) = 201*i - 235. Let r(s) = -698*s + 705. Let h(j) = -2*r(j) - 7*v(j). Calculate h(23).
-18
Let k(w) be the second derivative of w**4/12 + 11*w**3/6 - 5*w**2/2 + 48*w. Let p be (-190)/16 + (-17)/(146 + -10). Determine k(p).
7
Let p(a) = 41*a - 9. Let k(s) = -13*s + 3. Let j(m) = -19*k(m) - 6*p(m). Let v = 14 + -11. Suppose -2*c - 21 = -v*t, 0 = -4*c + 4*t - 0*t - 36. What is j(c)?
-9
Let m = 35 - 20. Suppose -3*d = 3*q - 12, -2*d + 3*q + m = -8. Let u(a) = 0 - 6 + 5*a - 3*a**3 + d*a**2 + 5*a**3 - a**3. Calculate u(-6).
0
Let d be ((-21)/9 - -8)*3. Let i = -95 + 265. Let u be i/d*2/(-4). Let g(k) = k**3 + 6*k**2 + 4*k. What is g(u)?
5
Let c(s) be the third derivative of s**4/24 + 7*s**3/6 + 1028*s**2. Give c(3).
10
Let t(h) = h**2 + h + 7. Let q = 166 + -164. Suppose -m - q = 0, -6*x + 5*m - 11 = -3*x. Calculate t(x).
49
Suppose -4 = 2*a, a - 38 = -4*d - 2*a. Let o(k) = -5 + 5*k + 10 - d. What is o(-3)?
-21
Let l(d) = 2*d**2 + 23*d - 16. Let p(n) = 6*n - 4. Let a(w) = l(w) - 4*p(w). Let x(m) = m**3 - 12*m**2 + 11*m - 3. Let u be x(11). Calculate a(u).
21
Suppose -f = 5*a - 49, 2*a + 4*f - 4 = 30. Suppose 5*p = a*p. Let n(o) = p*o - 4*o + 6*o + 8 - 6*o. Determine n(6).
-16
Let f(q) = 1733 - 1732 - 8*q + 3*q. Let j(t) = t. Let k(l) = f(l) + 6*j(l). Give k(-7).
-6
Let v(n) = -n**2 - 38*n - 69. Let l be v(-36). Suppose -4*b = -z - 27, -3*z + 7*b - 49 = l*b. Let s(p) = p**3 + 13*p**2 + 23*p + 15. Calculate s(z).
4
Let k(j) = -105*j**2 - 100*j**2 - 4*j**2 + 51*j + 208*j**2 + 226. Calculate k(55).
6
Suppose -i = 5*n - 18, 